s the ten thousands digit of 381320?
8
What is the hundreds digit of 3020559?
5
What is the thousands digit of 454480?
4
What is the thousands digit of 1703805?
3
What is the millions digit of 4899185?
4
What is the tens digit of 530983?
8
What is the millions digit of 1534129?
1
What is the millions digit of 1977767?
1
What is the ten thousands digit of 290156?
9
What is the units digit of 1251041?
1
What is the millions digit of 1669016?
1
What is the thousands digit of 423164?
3
What is the units digit of 374455?
5
What is the ten thousands digit of 15225833?
2
What is the thousands digit of 452570?
2
What is the ten thousands digit of 2488525?
8
What is the thousands digit of 200806?
0
What is the tens digit of 8110067?
6
What is the millions digit of 5024434?
5
What is the hundreds digit of 88021?
0
What is the millions digit of 11311769?
1
What is the ten thousands digit of 450070?
5
What is the ten thousands digit of 2386715?
8
What is the thousands digit of 4061787?
1
What is the millions digit of 3056644?
3
What is the hundred thousands digit of 830983?
8
What is the units digit of 1748939?
9
What is the thousands digit of 2075869?
5
What is the units digit of 44738?
8
What is the thousands digit of 18709750?
9
What is the units digit of 8681207?
7
What is the hundreds digit of 9482153?
1
What is the hundreds digit of 146663?
6
What is the hundreds digit of 888608?
6
What is the tens digit of 349823?
2
What is the hundred thousands digit of 924490?
9
What is the units digit of 740059?
9
What is the ten thousands digit of 250351?
5
What is the thousands digit of 273989?
3
What is the hundred thousands digit of 646074?
6
What is the ten millions digit of 11697899?
1
What is the tens digit of 2331688?
8
What is the ten thousands digit of 674715?
7
What is the hundreds digit of 20541363?
3
What is the hundreds digit of 580843?
8
What is the thousands digit of 865974?
5
What is the hundred thousands digit of 278945?
2
What is the ten thousands digit of 983584?
8
What is the hundred thousands digit of 1006442?
0
What is the tens digit of 301004?
0
What is the tens digit of 6874559?
5
What is the units digit of 714107?
7
What is the thousands digit of 230472?
0
What is the ten thousands digit of 224293?
2
What is the hundreds digit of 272378?
3
What is the hundreds digit of 21112?
1
What is the ten thousands digit of 572378?
7
What is the units digit of 1972705?
5
What is the ten thousands digit of 30651213?
5
What is the hundred thousands digit of 219778?
2
What is the hundreds digit of 31282?
2
What is the thousands digit of 274882?
4
What is the tens digit of 77021?
2
What is the thousands digit of 29049730?
9
What is the ten thousands digit of 5226098?
2
What is the tens digit of 10683016?
1
What is the tens digit of 3632470?
7
What is the tens digit of 320184?
8
What is the thousands digit of 97678?
7
What is the ten thousands digit of 8775558?
7
What is the hundreds digit of 189063?
0
What is the tens digit of 18095308?
0
What is the hundred thousands digit of 3231369?
2
What is the thousands digit of 2899142?
9
What is the ten thousands digit of 241196?
4
What is the hundreds digit of 15185332?
3
What is the ten thousands digit of 4019442?
1
What is the hundred thousands digit of 762185?
7
What is the millions digit of 1282688?
1
What is the units digit of 772902?
2
What is the tens digit of 5474508?
0
What is the units digit of 377223?
3
What is the millions digit of 1383603?
1
What is the millions digit of 1791876?
1
What is the thousands digit of 28268933?
8
What is the units digit of 122210?
0
What is the ten thousands digit of 185543?
8
What is the ten thousands digit of 2124202?
2
What is the thousands digit of 4582?
4
What is the tens digit of 717836?
3
What is the hundreds digit of 266356?
3
What is the hundreds digit of 704449?
4
What is the hundred thousands digit of 115038?
1
What is the ten thousands digit of 971496?
7
What is the hundred thousands digit of 3939510?
9
What is the units digit of 155532?
2
What is the ten thousands digit of 8578336?
7
What is the hundred thousands digit of 484715?
4
What is the ten thousands digit of 242798?
4
What is the units digit of 1277053?
3
What is the millions digit of 12553756?
2
What is the units digit of 323733?
3
What is the units digit of 748965?
5
What is the millions digit of 2349404?
2
What is the units digit of 322312?
2
What is the units digit of 73527?
7
What is the ten thousands digit of 390785?
9
What is the millions digit of 2927922?
2
What is the hundred thousands digit of 9535443?
5
What is the hundreds digit of 782524?
5
What is the units digit of 85226?
6
What is the units digit of 938022?
2
What is the hundreds digit of 98551?
5
What is the thousands digit of 7751507?
1
What is the hundreds digit of 9660302?
3
What is the ten thousands digit of 352257?
5
What is the hundred thousands digit of 1422227?
4
What is the ten thousands digit of 89699?
8
What is the hundreds digit of 3397689?
6
What is the hundred thousands digit of 1432907?
4
What is the hundreds digit of 9007234?
2
What is the millions digit of 5201887?
5
What is the millions digit of 8614185?
8
What is the thousands digit of 633503?
3
What is the ten millions digit of 12618024?
1
What is the tens digit of 1475334?
3
What is the hundreds digit of 454394?
3
What is the thousands digit of 708510?
8
What is the hundred thousands digit of 323053?
3
What is the tens digit of 922704?
0
What is the hundreds digit of 465508?
5
What is the ten thousands digit of 516326?
1
What is the thousands digit of 49146?
9
What is the tens digit of 19501136?
3
What is the millions digit of 4751558?
4
What is the tens digit of 220157?
5
What is the thousands digit of 282585?
2
What is the thousands digit of 8890886?
0
What is the millions digit of 27001681?
7
What is the hundred thousands digit of 2018756?
0
What is the hundred thousands digit of 278041?
2
What is the tens digit of 144467?
6
What is the ten thousands digit of 2704811?
0
What is the tens digit of 255692?
9
What is the ten thousands digit of 56166?
5
What is the hundred thousands digit of 4129975?
1
What is the hundreds digit of 3278291?
2
What is the tens digit of 253973?
7
What is the units digit of 930562?
2
What is the ten thousands digit of 27359098?
5
What is the tens digit of 206577?
7
What is the tens digit of 6393855?
5
What is the millions digit of 2042554?
2
What is the units digit of 3129935?
5
What is the ten thousands digit of 17480349?
8
What is the hundred thousands digit of 867188?
8
What is the units digit of 2234065?
5
What is the hundred thousands digit of 5652194?
6
What is the tens digit of 8181950?
5
What is the hundred thousands digit of 370178?
3
What is the thousands digit of 19433716?
3
What is the ten thousands digit of 16157795?
5
What is the ten thousands digit of 2143725?
4
What is the ten thousands digit of 173673?
7
What is the hundreds digit of 503689?
6
What is the ten thousands digit of 93652?
9
What is the units digit of 64593?
3
What is the tens digit of 506383?
8
What is the hundred thousands digit of 177579?
1
What is the tens digit of 508142?
4
What is the ten thousands digit of 183450?
8
What is the hundreds digit of 29313?
3
What is the ten thousands digit of 19713246?
1
What is the units digit of 3291447?
7
What is the thousands digit of 8047395?
7
What is the tens digit of 132818?
1
What is the units digit of 6005741?
1
What is the hundreds digit of 633518?
5
What is the tens digit of 69135?
3
What is the hundreds digit of 416781?
7
What is the hundreds digit of 1091924?
9
What is the millions digit of 7333432?
7
What is the units digit of 275128?
8
What is the millions digit of 7601915?
7
What is the millions digit of 18504159?
8
What is the hundreds digit of 8350187?
1
What is the thousands digit of 146000?
6
What is the units digit of 42024?
4
What is the tens digit of 5026975?
7
What is the ten thousands digit of 2122322?
2
What is the tens digit of 517882?
8
What is the hundred thousands digit of 1925538?
9
What is the units digit of 6336883?
3
What is the ten thousands digit of 2392307?
9
What is the units digit of 986177?
7
What is the tens digit of 4278920?
2
What is the tens digit of 205474?
7
What is t